u**2 + 5*u - 6. Determine q(-5).
19
Let o(j) = j**3 + 5*j**2 + 35*j + 237. Give o(-6).
-9
Let m(x) = x**3 - 17*x**2 + 12*x + 14. Determine m(16).
-50
Let v(b) = b**3 + 5*b**2 + 5*b + 6. Determine v(-4).
2
Let d(b) = b + 23. Give d(-5).
18
Let y(d) = d**2 - 3*d - 6. Calculate y(8).
34
Let w(y) = -4*y**3 + 3*y**2 + y - 2. Calculate w(-2).
40
Let d(g) = 2*g**2 - 4*g - 4. Determine d(-8).
156
Let v(m) = 2*m**3 - 13*m**2 - 7*m - 8. Determine v(7).
-8
Let v(r) = -r**2 - 12*r - 28. Determine v(-8).
4
Let j(q) = -q**3 - q**2 + 3*q + 2. Give j(2).
-4
Let s(h) = h**2 + 29*h + 241. Determine s(-14).
31
Let d(x) = 6*x - 49. Calculate d(0).
-49
Let o(a) = 73*a - 74. What is o(1)?
-1
Let a(r) = r**2 - 10*r + 22. Calculate a(3).
1
Let b(i) = 6*i - 11. Determine b(4).
13
Let h(l) = l - 2. Determine h(3).
1
Let d(i) = -7*i - 2. Calculate d(-9).
61
Let s(u) = -u**3 + 3*u**2 + 7*u - 11. Determine s(5).
-26
Let j(p) = -19*p**2 + 3*p - 1. Determine j(1).
-17
Let t(w) = -22*w**2 - 98*w - 6. Determine t(-4).
34
Let j(a) = -a + 3. Determine j(-2).
5
Let b(f) = -6*f + 9. Determine b(6).
-27
Let d(l) = 3*l**2 - 2*l - 2. Calculate d(-1).
3
Let n(q) = 27*q - 140. What is n(5)?
-5
Let y(b) = b**2 - 33*b - 13. Calculate y(35).
57
Let k(l) = -49*l**2 - 4*l + 5. Give k(1).
-48
Let g(c) = -c**2 - 9*c - 20. Determine g(-6).
-2
Let o(r) = r**2 - 5*r - 16. Calculate o(7).
-2
Let z(c) = -c**3 + 7*c**2 + 16*c + 16. What is z(9)?
-2
Let m(c) = 3*c**2 - 3*c - 29. What is m(0)?
-29
Let l(t) = -35*t**2 + 46*t - 1. Give l(1).
10
Let y(w) = -88*w + 1. Calculate y(-1).
89
Let g(o) = -o**2 + 11*o - 11. Calculate g(9).
7
Let s(k) = -2*k**3 - 65*k**2 - 32*k + 1. Give s(-32).
1
Let j(l) = -l**2 - 21*l - 28. What is j(-20)?
-8
Let h(v) = v**3 - 6*v**2 + 10. What is h(6)?
10
Let c(k) = -5*k - 2. What is c(0)?
-2
Let c(w) = w + 8. Give c(-6).
2
Let d(k) = k**3 - 11*k**2 + 5. What is d(11)?
5
Let t(y) = 9*y - 8. Calculate t(-4).
-44
Let v(i) = -i**3 + 3*i**2 - 13*i + 26. Calculate v(3).
-13
Let t(y) = -y**2 - 60*y - 751. Give t(-18).
5
Let d(a) = 9*a**2 + 2*a - 2. What is d(1)?
9
Let l(g) = -2*g - 44. Calculate l(-29).
14
Let y(u) = -6*u + 30. Give y(3).
12
Let f(o) = o**3 - 11*o**2 - 13*o + 10. Calculate f(12).
-2
Let y(k) = 3*k**2 - 3*k - 1. Give y(-2).
17
Let z(i) = i**3 + 14*i**2 - 33*i - 10. Give z(-16).
6
Let m(x) = 2*x**2 + 9*x + 12. What is m(-3)?
3
Let a(r) = -8*r - 33. Determine a(10).
-113
Let r(p) = -2*p**2 - 19*p - 1. What is r(-7)?
34
Let p(v) = v**2 + 11*v - 18. Determine p(-11).
-18
Let t(r) = -r**2 - 10*r - 15. What is t(-8)?
1
Let a(u) = 5*u**2 - 7*u + 9. What is a(2)?
15
Let o(y) = -y**2 - 6*y - 6. What is o(-4)?
2
Let m(i) = -i**3 - 11*i**2 - 18*i + 4. Calculate m(-9).
4
Let b(q) = -25*q - 154. Calculate b(-6).
-4
Let p(d) = d**3 + 7*d**2 - 12*d - 6. Give p(-8).
26
Let w(g) = g**3 - 11*g**2 - 7*g - 4. Determine w(11).
-81
Let x(q) = q**2 + 7*q. Determine x(-5).
-10
Let k(m) = -13*m + 484. Calculate k(37).
3
Let y(l) = -l**2 + 2*l - 4. What is y(0)?
-4
Let g(r) = 6*r**2 - 15*r - 11. Give g(3).
-2
Let s(w) = 2*w + 41. Give s(-15).
11
Let n(l) = l**3 + l - 10. What is n(0)?
-10
Let n(h) = h**3 + 9*h**2 + 3*h - 3. Determine n(-4).
65
Let b(p) = -p**2 + 4*p + 21. What is b(6)?
9
Let b(q) = -3*q + 34. Give b(14).
-8
Let w(q) = -q**3 + 46*q**2 + 94*q + 98. Calculate w(48).
2
Let d(k) = -10*k - 157. Determine d(-16).
3
Let q(a) = -a**2 - 9*a + 3. Calculate q(-9).
3
Let o(t) = -5*t**2 - 6*t + 3. Calculate o(1).
-8
Let z(q) = q**3 - 16*q**2 - 16*q - 14. Calculate z(17).
3
Let v(o) = -o**3 + 14*o**2 + 22*o - 15. Give v(15).
90
Let u(a) = 2*a**2 - 18*a + 4. Give u(7).
-24
Let q(s) = -s**2 - 12*s + 13. Give q(-13).
0
Let q(l) = -28*l**2 - 1. Give q(1).
-29
Let w(m) = -48*m + 286. What is w(6)?
-2
Let s(b) = -30*b + 11. Give s(3).
-79
Let p(r) = -12*r + 780. Determine p(64).
12
Let w(a) = a**2 - 9*a - 23. What is w(11)?
-1
Let z(o) = o**2 - 3*o - 48. Give z(17).
190
Let b(c) = -c**3 + 7*c**2 + 16*c + 21. Give b(9).
3
Let s(w) = -20*w - 8. What is s(-4)?
72
Let d(l) = -5*l + 101. Calculate d(23).
-14
Let i(q) = 20*q + 3. What is i(1)?
23
Let g(t) = -7*t - 192. Give g(-27).
-3
Let r(c) = -2*c**3 - 8*c**2 - 3*c + 6. Give r(-5).
71
Let s(j) = j**3 + j**2 - 3. Determine s(2).
9
Let p(y) = y**3 - 14*y**2 + y - 20. Calculate p(14).
-6
Let a(t) = 8*t**3. What is a(-1)?
-8
Let q(o) = -o**2 - 12*o - 15. Give q(-11).
-4
Let x(j) = j + 8. Determine x(5).
13
Let y(g) = -g**3 + 7*g**2 + 2*g + 45. What is y(8)?
-3
Let z(b) = b**3 - 6*b**2 + 7*b + 1. What is z(4)?
-3
Let j(s) = 5*s. What is j(-3)?
-15
Let h(d) = d**3 + 23*d**2 + 21*d - 25. Give h(-22).
-3
Let s(v) = 41*v - 1. Determine s(-1).
-42
Let p(d) = 2*d**2 - 26*d + 18. Calculate p(12).
-6
Let b(o) = 85*o**3 + 2*o**2 - 2*o + 1. What is b(1)?
86
Let i(r) = 2*r**2 + 6*r + 8. What is i(-4)?
16
Let t(i) = -i**3 - 11*i**2 + 9*i - 9. What is t(-12)?
27
Let j(y) = y**2 - 7*y + 9. Determine j(6).
3
Let s(g) = -3*g**2 - 6*g + 10. Give s(-6).
-62
Let o(n) = n - 73. Calculate o(21).
-52
Let b(t) = 3*t - 69. Give b(0).
-69
Let b(j) = -j + 3. Determine b(-8).
11
Let i(p) = p**2 - p - 10. Give i(-5).
20
Let c(g) = g**2 - g - 7. Give c(0).
-7
Let a(z) = 5*z**2 + 6*z - 5. Calculate a(0).
-5
Let c(s) = -2*s**2 - 56*s - 54. Calculate c(-1).
0
Let d(k) = -17*k + 10. Give d(-3).
61
Let c(i) = -i**2 - 5*i + 3. Determine c(-7).
-11
Let g(n) = -n**3 + 7*n**2 - 7*n + 2. Calculate g(6).
-4
Let z(j) = j**3 - 19*j**2 - 43*j + 28. Determine z(21).
7
Let h(c) = -2*c**3 - 18*c**2 - 15*c + 2. Determine h(-8).
-6
Let q(j) = 6*j + 14. Calculate q(-5).
-16
Let y(v) = -2*v**2 - 26*v - 20. What is y(-12)?
4
Let o(u) = -u**2 - 2*u - 2. Calculate o(-3).
-5
Let m(g) = -g - 19. What is m(-8)?
-11
Let p(d) = 7*d**3 + d**2 - 2*d. What is p(1)?
6
Let c(h) = h**3 - 8*h**2 + 7. What is c(8)?
7
Let v(i) = -i**3 - 7*i**2 + i + 6. Determine v(-7).
-1
Let u(c) = -c - 15. What is u(-6)?
-9
Let x(m) = m**3 - 10*m**2 + 15*m + 5. What is x(6)?
-49
Let k(i) = -5*i + 23. What is k(10)?
-27
Let m(p) = p**2 + 53*p + 48. Determine m(-52).
-4
Let o(r) = 3*r**2 - 36*r - 87. Determine o(14).
-3
Let x(t) = -15*t**2 - 88*t + 4. Give x(-6).
-8
Let k(j) = -j**3 + 12*j**2 + 16*j - 10. What is k(13)?
29
Let x(v) = -v**3 + 9*v**2 - 12*v + 23. Calculate x(8).
-9
Let n(o) = 6*o - 4. What is n(2)?
8
Let a(i) = 18*i - 68. Determine a(4).
4
Let y(d) = -2*d - 31. Give y(-16).
1
Let t(c) = -2*c**3 + c**2 + c + 5. What is t(-2)?
23
Let i(g) = g**2 + 5*g + 4. Determine i(-4).
0
Let z(o) = o**3 + 6*o**2 - 6*o - 4. Determine z(-6).
32
Let o(m) = -3*m**2 + 3*m - 9. What is o(5)?
-69
Let l(u) = -4*u + 20. What is l(-6)?
44
Let y(g) = g**2 + 2*g - 22. Determine y(4).
2
Let i(l) = -l**3 - 43*l**2 - 46*l - 178. Give i(-42).
-10
Let v(u) = 2*u - 38. Determine v(21).
4
Let k(d) = -d**3 + 4*d**2 + 7*d - 37. Calculate k(5).
-27
Let z(i) = -2*i - 4. What is z(0)?
-4
Let c(d) = -3*d - 1. What is c(-5)?
14
Let z(a) = a**2 - 3*a - 2. Determine z(0).
-2
Let b(u) = -u - 8. Give b(-6).
-2
Let b(q) = q**2 - 5*q - 4. Calculate b(0).
-4
Let h(a) = -2*a + 12. What is h(10)?
-8
Let j(h) = h + 20. Determine j(-19).
1
Let k(r) = 2*r**3 - 3*r**2 - 3*r - 4. Calculate k(3).
14
Let k(m) = 2*m + 9. Give k(-27).
-45
Let i(b) = b**3 - 5*b**2 - b + 11. Determine i(5).
6
Let y(p) = 4*p**2 + 4*p - 1. Determine y(3).
47
Let i(f) = 3*f - 36. Determine i(12).
0
Let j(m) = -m**2 - 9*m + 2. Determine j(-6).
20
Let f(k) = -k**3 - k**2 + 2*k + 5. Calculate f(-4).
45
Let j(q) = -q**3 - 2*q**2 - 4*q - 1. Determine j(-3).
20
Let g(p) = 8*p - 10. Determine g(-3).
-34
Let j(z) = 29*z. Give j(1).
29
Let x(i) = i**2 - 16*i - 13. Determine x(17).
4
Let x(c) = c + 25. Give x(-7).
18
Let w(g) = -9*g**2 - 4*g + 6. Calculate w(2).
-38
Let u(l) = l**2 + 1. Determine u(-2).
5
Let z(w) = -w**3 + 6*w**2 + 6*w + 6. Determine z(7).
-1
Let v(m) = m + 10. Calculate v(4).
14
Let r(d) = d + 10. Determine r(-2).
8
Let d(h) = -h**2 + 5*h + 2. Give d(0).
2
Let v(q) = -q + 60. Calculate v(11).
49
Let w(b) = b**3 - 3*b**2 + 2. Give w(-3).
-52
Let o(b) = 2*b**3 - 26*b**2 + b - 17. Give o(13).
-4
Let b(f) = 11*f - 83. What is b(8)?
5
Let n(a) = a**3 - 8*a**2 - 6. Determine n(8).
-6
Let h(p) = -p**2 - 12*p - 20. Determine h(-10).
0
Let p(u) = -32*u**2 - 3*u - 2. What is p(-1)?
-31
Let d(z)